{"id":1590,"date":"2023-04-19T11:32:40","date_gmt":"2023-04-19T09:32:40","guid":{"rendered":"https:\/\/test02.mrssporty.uvensys.net\/club\/krems-stadtkern\/?page_id=1590"},"modified":"2023-09-01T16:04:48","modified_gmt":"2023-09-01T14:04:48","slug":"impressum","status":"publish","type":"page","link":"https:\/\/www.mrssporty.at\/club\/krems-stadtkern\/impressum\/","title":{"rendered":"Impressum"},"content":{"rendered":"<div  class=\"gs_F0ECma row_wrap\">\n<div class=\"wp-block-columns row_xxl is-layout-flex wp-container-core-columns-is-layout-9d6595d7 wp-block-columns-is-layout-flex\" id=\"Text\">\n<div class=\"wp-block-column col-12 col-sm-auto is-layout-flow wp-block-column-is-layout-flow\" style=\"flex-basis:100%;width:100%\">\n<h1 class=\"has-h-1-font-size wp-block-heading\" style=\"font-style:normal;font-weight:700\">Impressum<\/h1>\n\n\n\n<p class=\"gs_ZnnAl4\">Dienstanbieter f\u00fcr die Website www.mrssporty.de ist \u2013 soweit nicht anders angegeben \u2013 die Mrs.Sporty GmbH.<br>Das Impressum finden Sie hier: https:\/\/www.mrssporty.de\/impressum\/.<\/p>\n\n\n\n<p class=\"gs_AHrxih\">F\u00fcr die Webseiten der lokalen Clubs (Startseite, Team, Preise) ist der jeweilige Clubinhaber verantwortlich. Dass Sie sich auf einer Internetseite befinden, f\u00fcr die der lokale Club-Inhaber verantwortlich ist, erkennen Sie daran, dass in einem solchen Fall oben links auf der jeweiligen Seite der entsprechende Standort angegeben ist.<br><br>F\u00fcr die Seite, auf der Sie sich derzeit befinden, gelten die folgenden Angaben:<\/p>\n\n\n\n<p class=\"gs_tcm89s\">Verantwortliche(r) im Sinne von \u00a75 des Telemediengesetzes (TMG)<br><span data-tag=\"gdt-stammdaten-Franchisee\" data-params=\"&quot;&quot;\" class=\"is-tag\">Franchisee<\/span><br>Inhaber:in: <span data-tag=\"gdt-stammdaten-Inhaber\" data-params=\"&quot;&quot;\" class=\"is-tag\">Inhaber<\/span><br>Gesch\u00e4ftsf\u00fchrer:in: <span data-tag=\"gdt-stammdaten-ManagingDirector\" data-params=\"&quot;&quot;\" class=\"is-tag\">Managing Director<\/span><\/p>\n\n\n\n<p>Datenschutzbeauftragte:r: <span data-tag=\"gdt-stammdaten-Datenschutzbeauftragter\" data-params=\"&quot;&quot;\" class=\"is-tag\">Datenschutzbeauftragter<\/span><\/p>\n\n\n\n<p class=\"gs_dl3XZ6\">Adresse:<br><span data-tag=\"gdt-stammdaten-Strasse-Impressum\" data-params=\"&quot;&quot;\" class=\"is-tag\">Stra\u00dfe &amp; Hausnummer (Impressum)<\/span><br><span data-tag=\"gdt-stammdaten-PLZ-Impressum\" data-params=\"&quot;&quot;\" class=\"is-tag\">PLZ (Impressum)<\/span> <span data-tag=\"gdt-stammdaten-Stadt-Impressum\" data-params=\"&quot;&quot;\" class=\"is-tag\">Stadt (Impressum)<\/span><\/p>\n\n\n\n<p class=\"gs_2voBmn\">Tel.: <span data-tag=\"gdt-stammdaten-Telefonnummer\" data-params=\"&quot;&quot;\" class=\"is-tag\">Telefonnummer<\/span><br>E-Mail: <span data-tag=\"gdt-stammdaten-Email\" data-params=\"&quot;&quot;\" class=\"is-tag\">E-Mail<\/span><\/p>\n\n\n\n<p class=\"gs_qM6gi4\">Umsatzsteuer-Identifikationsnummer: <span data-tag=\"gdt-stammdaten-UStId\" data-params=\"&quot;&quot;\" class=\"is-tag\">Umsatzsteuer-Identifikationsnummer<\/span><\/p>\n<\/div>\n<\/div>\n<\/div>\n\n<div  class=\"row_wrap has-background\"><div id='bg_69d2c9736214d' class='greyd-background bg_full'>\n\t\t\t\t\t\t\t\t<div class='bg_color'><\/div>\n\t\t\t\t\t\t\t\t\n\t\t\t\t\t\t\t\t\n\t\t\t\t\t\t\t\t\n\t\t\t\t\t\t\t<\/div>\n<div class=\"wp-block-columns row_xxxl has-color-63-background-color has-background is-layout-flex wp-container-core-columns-is-layout-9d6595d7 wp-block-columns-is-layout-flex\" id=\"Sp-M\">\n<div class=\"wp-block-column col-12 col-sm-auto is-layout-flow wp-block-column-is-layout-flow\" style=\"flex-basis:100%;width:100%\"><div  class=\"spacer_wrap \" aria-hidden=\"true\"><div class=\"wp-block-spacer inner-sm\" style=\"height:calc(152px * 0.4)\" aria-hidden=\"true\"><\/div><div class=\"wp-block-spacer inner-md\" style=\"height:calc(152px * 0.6)\" aria-hidden=\"true\"><\/div><div class=\"wp-block-spacer inner-lg\" style=\"height:calc(152px * 0.8)\" aria-hidden=\"true\"><\/div><div class=\"wp-block-spacer inner-xl\" style=\"height:152px\" aria-hidden=\"true\"><\/div><\/div><\/div>\n<\/div>\n<\/div>\n\n<div  id=\"Teaserboxen\" class=\"dynamic\"><div  class=\"row_wrap\">\n<div class=\"wp-block-columns row_xxl flex-stretch-content-sm is-layout-flex wp-container-core-columns-is-layout-9d6595d7 wp-block-columns-is-layout-flex\">\n<div class=\"wp-block-column col-12 col-sm-auto dyn is-layout-flow wp-block-column-is-layout-flow\">\n<div class=\"wp-block-group gs_nOzonY group_wrap\"><div class=\"wp-block-group__inner-container is-layout-constrained wp-block-group-is-layout-constrained\">\n<div class=\"wp-block-greyd-box dyn gs_qNB0Bq greyd-content-box gs_qNB0Bq\"><figure style=\"\" class=\"wp-block-image greyd-image clrliladark shownone dyn  gs_o3LcLi\"><img decoding=\"async\" src=\"https:\/\/www.mrssporty.at\/club\/krems-stadtkern\/wp-content\/uploads\/sites\/109\/2023\/01\/icn_gruender.svg\" class=\"wp-image-428\" alt=\"icn_gruender\" \/><\/figure>\n\n\n<h2 class=\"dyn has-h-4-font-size wp-block-heading gs_s8T4Li\" style=\"font-style:normal;font-weight:700\">Steckt ein*e Gr\u00fcnder*in in dir?<\/h2>\n\n\n\n<p class=\"shownone dyn gs_FVC2UQ\">Besser selbstst\u00e4ndig mit dem gr\u00f6\u00dften europ\u00e4ischen Franchise Frauen-Fitness Konzept.<\/p>\n\n\n\n<div class=\"wp-block-greyd-buttons alignleft\"><a  href=\"https:\/\/www.mrssporty-franchise.at\/\" class=\"button is-style-sec dyn gs_cMEEZW \">Gr\u00fcnde jetzt mit Mrs.Sporty<\/a><\/div>\n<\/div>\n<\/div><\/div>\n<\/div>\n\n\n\n<div class=\"wp-block-column col-12 col-sm-auto dyn is-layout-flow wp-block-column-is-layout-flow\">\n<div class=\"wp-block-greyd-box dyn gs_qNB0Bq greyd-content-box gs_qNB0Bq\"><figure style=\"\" class=\"wp-block-image greyd-image clrliladark shownone dyn  gs_o3LcLi\"><img decoding=\"async\" src=\"https:\/\/www.mrssporty.at\/club\/krems-stadtkern\/wp-content\/uploads\/sites\/109\/2023\/01\/icn_karriere.svg\" class=\"wp-image-423\" alt=\"icn_karriere\" \/><\/figure>\n\n\n<h2 class=\"dyn has-h-4-font-size wp-block-heading gs_s8T4Li\" style=\"font-style:normal;font-weight:700\">Jobs bei Mrs.Sporty<br><\/h2>\n\n\n\n<p class=\"shownone dyn gs_FVC2UQ\">Mrs.Sporty bringt Bewegung in Deine Karriere. In der Zentrale in Berlin oder in einem unserer Clubs.<\/p>\n\n\n\n<div class=\"wp-block-greyd-buttons alignleft\"><a  href=\"https:\/\/www.mrssporty.at\/karriere\/\" class=\"button is-style-sec dyn gs_cMEEZW \">Jobangebote ansehen<\/a><\/div>\n<\/div>\n<\/div>\n<\/div>\n<\/div><\/div>","protected":false},"excerpt":{"rendered":"<p>Impressum Dienstanbieter f\u00fcr die Website www.mrssporty.de ist \u2013 soweit nicht anders angegeben \u2013 die Mrs.Sporty GmbH.Das Impressum finden Sie hier: https:\/\/www.mrssporty.de\/impressum\/. F\u00fcr die Webseiten der lokalen Clubs (Startseite, Team, Preise) ist der jeweilige Clubinhaber verantwortlich. Dass Sie sich auf einer Internetseite befinden, f\u00fcr die der lokale Club-Inhaber verantwortlich ist, erkennen Sie daran, dass in einem [&hellip;]<\/p>\n","protected":false},"author":3,"featured_media":0,"parent":0,"menu_order":0,"comment_status":"closed","ping_status":"closed","template":"","meta":{"greyd_block_editor_preview":[],"footnotes":""},"class_list":["post-1590","page","type-page","status-publish","hentry"],"yoast_head":"<!-- This site is optimized with the Yoast SEO plugin v27.1.1 - https:\/\/yoast.com\/product\/yoast-seo-wordpress\/ -->\n<title>Impressum - Mrs.Sporty Club Krems-Stadtkern<\/title>\n<meta name=\"robots\" content=\"index, follow, max-snippet:-1, max-image-preview:large, max-video-preview:-1\" \/>\n<link rel=\"canonical\" href=\"https:\/\/www.mrssporty.at\/club\/krems-stadtkern\/impressum\/\" \/>\n<meta property=\"og:locale\" content=\"de_DE\" \/>\n<meta property=\"og:type\" content=\"article\" \/>\n<meta property=\"og:title\" content=\"Impressum - Mrs.Sporty Club Krems-Stadtkern\" \/>\n<meta property=\"og:description\" content=\"Impressum Dienstanbieter f\u00fcr die Website www.mrssporty.de ist \u2013 soweit nicht anders angegeben \u2013 die Mrs.Sporty GmbH.Das Impressum finden Sie hier: https:\/\/www.mrssporty.de\/impressum\/. F\u00fcr die Webseiten der lokalen Clubs (Startseite, Team, Preise) ist der jeweilige Clubinhaber verantwortlich. Dass Sie sich auf einer Internetseite befinden, f\u00fcr die der lokale Club-Inhaber verantwortlich ist, erkennen Sie daran, dass in einem [&hellip;]\" \/>\n<meta property=\"og:url\" content=\"https:\/\/www.mrssporty.at\/club\/krems-stadtkern\/impressum\/\" \/>\n<meta property=\"og:site_name\" content=\"Mrs.Sporty Club Krems-Stadtkern\" \/>\n<meta property=\"article:modified_time\" content=\"2023-09-01T14:04:48+00:00\" \/>\n<meta name=\"twitter:card\" content=\"summary_large_image\" \/>\n<meta name=\"twitter:label1\" content=\"Gesch\u00e4tzte Lesezeit\" \/>\n\t<meta name=\"twitter:data1\" content=\"1 Minute\" \/>\n<script type=\"application\/ld+json\" class=\"yoast-schema-graph\">{\"@context\":\"https:\/\/schema.org\",\"@graph\":[{\"@type\":\"WebPage\",\"@id\":\"https:\/\/www.mrssporty.at\/club\/krems-stadtkern\/impressum\/\",\"url\":\"https:\/\/www.mrssporty.at\/club\/krems-stadtkern\/impressum\/\",\"name\":\"Impressum - Mrs.Sporty Club Krems-Stadtkern\",\"isPartOf\":{\"@id\":\"https:\/\/www.mrssporty.at\/club\/krems-stadtkern\/#website\"},\"datePublished\":\"2023-04-19T09:32:40+00:00\",\"dateModified\":\"2023-09-01T14:04:48+00:00\",\"inLanguage\":\"de-AT\",\"potentialAction\":[{\"@type\":\"ReadAction\",\"target\":[\"https:\/\/www.mrssporty.at\/club\/krems-stadtkern\/impressum\/\"]}]},{\"@type\":\"WebSite\",\"@id\":\"https:\/\/www.mrssporty.at\/club\/krems-stadtkern\/#website\",\"url\":\"https:\/\/www.mrssporty.at\/club\/krems-stadtkern\/\",\"name\":\"Mrs.Sporty Club Krems-Stadtkern\",\"description\":\"\",\"publisher\":{\"@id\":\"https:\/\/www.mrssporty.at\/club\/krems-stadtkern\/#organization\"},\"potentialAction\":[{\"@type\":\"SearchAction\",\"target\":{\"@type\":\"EntryPoint\",\"urlTemplate\":\"https:\/\/www.mrssporty.at\/club\/krems-stadtkern\/?s={search_term_string}\"},\"query-input\":{\"@type\":\"PropertyValueSpecification\",\"valueRequired\":true,\"valueName\":\"search_term_string\"}}],\"inLanguage\":\"de-AT\"},{\"@type\":\"Organization\",\"@id\":\"https:\/\/www.mrssporty.at\/club\/krems-stadtkern\/#organization\",\"name\":\"Mrs.Sporty Club Krems-Stadtkern\",\"url\":\"https:\/\/www.mrssporty.at\/club\/krems-stadtkern\/\",\"logo\":{\"@type\":\"ImageObject\",\"inLanguage\":\"de-AT\",\"@id\":\"https:\/\/www.mrssporty.at\/club\/krems-stadtkern\/#\/schema\/logo\/image\/\",\"url\":\"https:\/\/www.mrssporty.at\/club\/krems-stadtkern\/wp-content\/uploads\/sites\/109\/2023\/04\/Logo-Sporty.svg\",\"contentUrl\":\"https:\/\/www.mrssporty.at\/club\/krems-stadtkern\/wp-content\/uploads\/sites\/109\/2023\/04\/Logo-Sporty.svg\",\"caption\":\"Mrs.Sporty Club Krems-Stadtkern\"},\"image\":{\"@id\":\"https:\/\/www.mrssporty.at\/club\/krems-stadtkern\/#\/schema\/logo\/image\/\"}}]}<\/script>\n<!-- \/ Yoast SEO plugin. -->","yoast_head_json":{"title":"Impressum - Mrs.Sporty Club Krems-Stadtkern","robots":{"index":"index","follow":"follow","max-snippet":"max-snippet:-1","max-image-preview":"max-image-preview:large","max-video-preview":"max-video-preview:-1"},"canonical":"https:\/\/www.mrssporty.at\/club\/krems-stadtkern\/impressum\/","og_locale":"de_DE","og_type":"article","og_title":"Impressum - Mrs.Sporty Club Krems-Stadtkern","og_description":"Impressum Dienstanbieter f\u00fcr die Website www.mrssporty.de ist \u2013 soweit nicht anders angegeben \u2013 die Mrs.Sporty GmbH.Das Impressum finden Sie hier: https:\/\/www.mrssporty.de\/impressum\/. F\u00fcr die Webseiten der lokalen Clubs (Startseite, Team, Preise) ist der jeweilige Clubinhaber verantwortlich. Dass Sie sich auf einer Internetseite befinden, f\u00fcr die der lokale Club-Inhaber verantwortlich ist, erkennen Sie daran, dass in einem [&hellip;]","og_url":"https:\/\/www.mrssporty.at\/club\/krems-stadtkern\/impressum\/","og_site_name":"Mrs.Sporty Club Krems-Stadtkern","article_modified_time":"2023-09-01T14:04:48+00:00","twitter_card":"summary_large_image","twitter_misc":{"Gesch\u00e4tzte Lesezeit":"1 Minute"},"schema":{"@context":"https:\/\/schema.org","@graph":[{"@type":"WebPage","@id":"https:\/\/www.mrssporty.at\/club\/krems-stadtkern\/impressum\/","url":"https:\/\/www.mrssporty.at\/club\/krems-stadtkern\/impressum\/","name":"Impressum - Mrs.Sporty Club Krems-Stadtkern","isPartOf":{"@id":"https:\/\/www.mrssporty.at\/club\/krems-stadtkern\/#website"},"datePublished":"2023-04-19T09:32:40+00:00","dateModified":"2023-09-01T14:04:48+00:00","inLanguage":"de-AT","potentialAction":[{"@type":"ReadAction","target":["https:\/\/www.mrssporty.at\/club\/krems-stadtkern\/impressum\/"]}]},{"@type":"WebSite","@id":"https:\/\/www.mrssporty.at\/club\/krems-stadtkern\/#website","url":"https:\/\/www.mrssporty.at\/club\/krems-stadtkern\/","name":"Mrs.Sporty Club Krems-Stadtkern","description":"","publisher":{"@id":"https:\/\/www.mrssporty.at\/club\/krems-stadtkern\/#organization"},"potentialAction":[{"@type":"SearchAction","target":{"@type":"EntryPoint","urlTemplate":"https:\/\/www.mrssporty.at\/club\/krems-stadtkern\/?s={search_term_string}"},"query-input":{"@type":"PropertyValueSpecification","valueRequired":true,"valueName":"search_term_string"}}],"inLanguage":"de-AT"},{"@type":"Organization","@id":"https:\/\/www.mrssporty.at\/club\/krems-stadtkern\/#organization","name":"Mrs.Sporty Club Krems-Stadtkern","url":"https:\/\/www.mrssporty.at\/club\/krems-stadtkern\/","logo":{"@type":"ImageObject","inLanguage":"de-AT","@id":"https:\/\/www.mrssporty.at\/club\/krems-stadtkern\/#\/schema\/logo\/image\/","url":"https:\/\/www.mrssporty.at\/club\/krems-stadtkern\/wp-content\/uploads\/sites\/109\/2023\/04\/Logo-Sporty.svg","contentUrl":"https:\/\/www.mrssporty.at\/club\/krems-stadtkern\/wp-content\/uploads\/sites\/109\/2023\/04\/Logo-Sporty.svg","caption":"Mrs.Sporty Club Krems-Stadtkern"},"image":{"@id":"https:\/\/www.mrssporty.at\/club\/krems-stadtkern\/#\/schema\/logo\/image\/"}}]}},"_links":{"self":[{"href":"https:\/\/www.mrssporty.at\/club\/krems-stadtkern\/wp-json\/wp\/v2\/pages\/1590","targetHints":{"allow":["GET"]}}],"collection":[{"href":"https:\/\/www.mrssporty.at\/club\/krems-stadtkern\/wp-json\/wp\/v2\/pages"}],"about":[{"href":"https:\/\/www.mrssporty.at\/club\/krems-stadtkern\/wp-json\/wp\/v2\/types\/page"}],"author":[{"embeddable":true,"href":"https:\/\/www.mrssporty.at\/club\/krems-stadtkern\/wp-json\/wp\/v2\/users\/3"}],"replies":[{"embeddable":true,"href":"https:\/\/www.mrssporty.at\/club\/krems-stadtkern\/wp-json\/wp\/v2\/comments?post=1590"}],"version-history":[{"count":36,"href":"https:\/\/www.mrssporty.at\/club\/krems-stadtkern\/wp-json\/wp\/v2\/pages\/1590\/revisions"}],"predecessor-version":[{"id":3629,"href":"https:\/\/www.mrssporty.at\/club\/krems-stadtkern\/wp-json\/wp\/v2\/pages\/1590\/revisions\/3629"}],"wp:attachment":[{"href":"https:\/\/www.mrssporty.at\/club\/krems-stadtkern\/wp-json\/wp\/v2\/media?parent=1590"}],"curies":[{"name":"wp","href":"https:\/\/api.w.org\/{rel}","templated":true}]}}